{"id":10183,"date":"2024-05-26T22:25:01","date_gmt":"2024-05-26T22:25:01","guid":{"rendered":"https:\/\/mediterraneo-orlean.fr\/?post_type=product&#038;p=10183"},"modified":"2024-05-26T22:26:10","modified_gmt":"2024-05-26T22:26:10","slug":"fix","status":"publish","type":"product","link":"https:\/\/mediterraneo-orlean.fr\/index.php\/product\/fix\/","title":{"rendered":"FIX"},"content":{"rendered":"<div>Bi\u00e8re grecque lager. Riche en mousse, couleur blonde, agr\u00e9able, go\u00fbt rafra\u00eechissant avec des vari\u00e9t\u00e9s d&#8217;orge et de houblon.<\/div>\n","protected":false},"excerpt":{"rendered":"<p>Bi\u00e8re grecque lager. Riche en mousse, couleur blonde, agr\u00e9able, go\u00fbt rafra\u00eechissant avec des vari\u00e9t\u00e9s d&#8217;orge et de houblon.<\/p>\n","protected":false},"featured_media":10184,"comment_status":"open","ping_status":"closed","template":"","meta":[],"product_cat":[236],"product_tag":[262],"_links":{"self":[{"href":"https:\/\/mediterraneo-orlean.fr\/index.php\/wp-json\/wp\/v2\/product\/10183"}],"collection":[{"href":"https:\/\/mediterraneo-orlean.fr\/index.php\/wp-json\/wp\/v2\/product"}],"about":[{"href":"https:\/\/mediterraneo-orlean.fr\/index.php\/wp-json\/wp\/v2\/types\/product"}],"replies":[{"embeddable":true,"href":"https:\/\/mediterraneo-orlean.fr\/index.php\/wp-json\/wp\/v2\/comments?post=10183"}],"version-history":[{"count":1,"href":"https:\/\/mediterraneo-orlean.fr\/index.php\/wp-json\/wp\/v2\/product\/10183\/revisions"}],"predecessor-version":[{"id":10185,"href":"https:\/\/mediterraneo-orlean.fr\/index.php\/wp-json\/wp\/v2\/product\/10183\/revisions\/10185"}],"wp:featuredmedia":[{"embeddable":true,"href":"https:\/\/mediterraneo-orlean.fr\/index.php\/wp-json\/wp\/v2\/media\/10184"}],"wp:attachment":[{"href":"https:\/\/mediterraneo-orlean.fr\/index.php\/wp-json\/wp\/v2\/media?parent=10183"}],"wp:term":[{"taxonomy":"product_cat","embeddable":true,"href":"https:\/\/mediterraneo-orlean.fr\/index.php\/wp-json\/wp\/v2\/product_cat?post=10183"},{"taxonomy":"product_tag","embeddable":true,"href":"https:\/\/mediterraneo-orlean.fr\/index.php\/wp-json\/wp\/v2\/product_tag?post=10183"}],"curies":[{"name":"wp","href":"https:\/\/api.w.org\/{rel}","templated":true}]}}